{"id":48,"date":"2023-04-06T11:07:25","date_gmt":"2023-04-06T09:07:25","guid":{"rendered":"https:\/\/icm.investify.com\/?page_id=48"},"modified":"2025-01-24T10:50:33","modified_gmt":"2025-01-24T09:50:33","slug":"klassisch-investieren","status":"publish","type":"page","link":"https:\/\/i-c-m.de\/suite\/klassisch-investieren","title":{"rendered":"Klassisch investieren"},"content":{"rendered":"\n\n\t<div class=\"contentBlock moduleHeader pt-0 pb-0 small\" >\n\n\n        <div class=\"bgImage\" style=\"background-image:url(https:\/\/i-c-m.de\/suite\/wp-content\/uploads\/2023\/04\/icm-klassisch-02.jpg)\"><\/div>\n\t\t<div class=\"container h-100\">\n\t\t\t<div class=\"row align-items-center h-100\">\n\t\t\t\t<div class=\"col-12 col-md-9\">\n\t\t\t\t\t<h1>Vorausschauend f\u00fcr eine nachhaltig gute Zukunft!<\/h1>\n\t\t\t\t\t\n\t\t\t\t\t\n\t\t\t\t\t\t\t\t\t<\/div>\n\t\t\t<\/div>\n\t\t<\/div>\n\t\t\t<\/div>\n\n\n\n\n\n\n\n<div class=\"contentBlock moduleText\">\n    <div class=\"container\">\n        <div class=\"row\">\n            <div class=\"col-12\">\n                                    <h2>Ihr erster Schritt zum klassischen Investment<\/h2>\n\n                                                <p>Klar strukturierte Produkte und die qualit\u00e4tsgesicherten Investmentprozesse unserer unabh\u00e4ngigen Investmentaussch\u00fcsse f\u00fcr jede Assetklasse, bieten die modulare Basis f\u00fcr Ihr individuelles Portfolio. Passend zu Ihren Vorgaben bringen wir Ihre Finanzen zum Ziel.<\/p>\n<div class=\"row mt-5\">\n<div class=\"col-12 col-sm-6 mb-3 mb-sm-4 mb-md-0\">\n<p class=\"mb-0\">\n            <a class=\"cta primary\" href=\"https:\/\/app.i-c-m.de\/\" target=\"_blank\" rel=\"noopener\">weiter zur ICMsuite Global<\/a>\n        <\/p>\n<\/p><\/div>\n<div class=\"col-12 col-sm-6 mb-3 mb-sm-4 mb-md-0\">\n<p class=\"mb-0\">\n            <a class=\"cta primary\" href=\"https:\/\/app.i-c-m.de\/?nvst_partner=ICM_ROBO_BASE_PLUS\" target=\"_blank\" rel=\"noopener\">weiter zur ICMsuite Global plus<\/a>\n        <\/p>\n<\/p><\/div>\n<\/div>\n            <\/div>\n        <\/div>\n    <\/div>\n\n<\/div>\n    \n\n<style>.kb-row-layout-wrap.wp-block-kadence-rowlayout.kb-row-layout-id48_16f0eb-ce{margin-top:-90px;}.kb-row-layout-id48_16f0eb-ce > .kt-row-column-wrap{align-content:start;}:where(.kb-row-layout-id48_16f0eb-ce > .kt-row-column-wrap) > .wp-block-kadence-column{justify-content:start;}.kb-row-layout-id48_16f0eb-ce > .kt-row-column-wrap{column-gap:var(--global-kb-gap-lg, 4rem);row-gap:var(--global-kb-gap-md, 2rem);max-width:1180px;margin-left:auto;margin-right:auto;padding-top:0px;padding-bottom:var(--global-kb-spacing-sm, 1.5rem);grid-template-columns:repeat(2, minmax(0, 1fr));}.kb-row-layout-id48_16f0eb-ce > .kt-row-layout-overlay{opacity:0.30;}@media all and (max-width: 1024px){.kb-row-layout-id48_16f0eb-ce > .kt-row-column-wrap{grid-template-columns:repeat(2, minmax(0, 1fr));}}@media all and (max-width: 767px){.kb-row-layout-id48_16f0eb-ce > .kt-row-column-wrap{grid-template-columns:minmax(0, 1fr);}}<\/style><div class=\"kb-row-layout-wrap kb-row-layout-id48_16f0eb-ce alignnone wp-block-kadence-rowlayout\"><div class=\"kt-row-column-wrap kt-has-2-columns kt-row-layout-equal kt-tab-layout-inherit kt-mobile-layout-row kt-row-valign-top\">\n<style>.kadence-column48_81994f-fd > .kt-inside-inner-col,.kadence-column48_81994f-fd > .kt-inside-inner-col:before{border-top-left-radius:0px;border-top-right-radius:0px;border-bottom-right-radius:0px;border-bottom-left-radius:0px;}.kadence-column48_81994f-fd > .kt-inside-inner-col{column-gap:var(--global-kb-gap-sm, 1rem);}.kadence-column48_81994f-fd > .kt-inside-inner-col{flex-direction:column;}.kadence-column48_81994f-fd > .kt-inside-inner-col > .aligncenter{width:100%;}.kadence-column48_81994f-fd > .kt-inside-inner-col:before{opacity:0.3;}.kadence-column48_81994f-fd{position:relative;}@media all and (max-width: 1024px){.kadence-column48_81994f-fd > .kt-inside-inner-col{flex-direction:column;justify-content:center;}}@media all and (max-width: 767px){.kadence-column48_81994f-fd > .kt-inside-inner-col{flex-direction:column;justify-content:center;}}<\/style>\n<div class=\"wp-block-kadence-column kadence-column48_81994f-fd\"><div class=\"kt-inside-inner-col\"><style>.wp-block-kadence-advancedheading.kt-adv-heading48_573348-ab, .wp-block-kadence-advancedheading.kt-adv-heading48_573348-ab[data-kb-block=\"kb-adv-heading48_573348-ab\"]{padding-bottom:0px;margin-bottom:var(--global-kb-spacing-xxs, 0.5rem);text-align:center;font-size:var(--global-kb-font-size-sm, 0.9rem);line-height:1.3;font-weight:bold;font-style:normal;}.wp-block-kadence-advancedheading.kt-adv-heading48_573348-ab mark.kt-highlight, .wp-block-kadence-advancedheading.kt-adv-heading48_573348-ab[data-kb-block=\"kb-adv-heading48_573348-ab\"] mark.kt-highlight{font-style:normal;color:#f76a0c;-webkit-box-decoration-break:clone;box-decoration-break:clone;padding-top:0px;padding-right:0px;padding-bottom:0px;padding-left:0px;}.wp-block-kadence-advancedheading.kt-adv-heading48_573348-ab img.kb-inline-image, .wp-block-kadence-advancedheading.kt-adv-heading48_573348-ab[data-kb-block=\"kb-adv-heading48_573348-ab\"] img.kb-inline-image{width:150px;vertical-align:baseline;}<\/style>\n<p class=\"kt-adv-heading48_573348-ab wp-block-kadence-advancedheading has-dark-blue-color has-text-color\" data-kb-block=\"kb-adv-heading48_573348-ab\">ICMsuite Global<br>Zusammensetzung der Allokation nach Risikoneigung<\/p>\n\n\n<style>.wp-block-kadence-advancedbtn.kt-btns48_875c25-bf, .site .entry-content .wp-block-kadence-advancedbtn.kt-btns48_875c25-bf, .wp-block-kadence-advancedbtn.kb-btns48_875c25-bf, .site .entry-content .wp-block-kadence-advancedbtn.kb-btns48_875c25-bf{margin-top:0px;}.wp-block-kadence-advancedbtn.kb-btns48_875c25-bf{padding-top:0px;gap:var(--global-kb-gap-xs, 0.5rem );justify-content:center;align-items:center;}.kt-btns48_875c25-bf .kt-button{font-weight:normal;font-style:normal;}.kt-btns48_875c25-bf .kt-btn-wrap-0{margin-right:5px;}.wp-block-kadence-advancedbtn.kt-btns48_875c25-bf .kt-btn-wrap-0 .kt-button{color:#555555;border-color:#555555;}.wp-block-kadence-advancedbtn.kt-btns48_875c25-bf .kt-btn-wrap-0 .kt-button:hover, .wp-block-kadence-advancedbtn.kt-btns48_875c25-bf .kt-btn-wrap-0 .kt-button:focus{color:#ffffff;border-color:#444444;}.wp-block-kadence-advancedbtn.kt-btns48_875c25-bf .kt-btn-wrap-0 .kt-button::before{display:none;}.wp-block-kadence-advancedbtn.kt-btns48_875c25-bf .kt-btn-wrap-0 .kt-button:hover, .wp-block-kadence-advancedbtn.kt-btns48_875c25-bf .kt-btn-wrap-0 .kt-button:focus{background:#444444;}<\/style>\n<div class=\"wp-block-kadence-advancedbtn kb-buttons-wrap kb-btns48_875c25-bf\"><style>ul.menu .wp-block-kadence-advancedbtn .kb-btn48_acb541-05.kb-button{width:initial;}.wp-block-kadence-advancedbtn .kb-btn48_acb541-05.kb-button{color:#2f3749;font-size:var(--global-kb-font-size-sm, 0.9rem);border-top:0px solid;border-right:0px solid;border-bottom:0px solid;border-left:0px solid;}.kb-btn48_acb541-05.kb-button .kb-svg-icon-wrap{color:#002A57;}.wp-block-kadence-advancedbtn .kb-btn48_acb541-05.kb-button:hover, .wp-block-kadence-advancedbtn .kb-btn48_acb541-05.kb-button:focus{color:#FF5000;}@media all and (max-width: 1024px){.wp-block-kadence-advancedbtn .kb-btn48_acb541-05.kb-button{border-top:0px solid;border-right:0px solid;border-bottom:0px solid;border-left:0px solid;}}@media all and (max-width: 767px){.wp-block-kadence-advancedbtn .kb-btn48_acb541-05.kb-button{border-top:0px solid;border-right:0px solid;border-bottom:0px solid;border-left:0px solid;}}<\/style><a class=\"kb-button kt-button button kb-btn48_acb541-05 kt-btn-size-small kt-btn-width-type-auto kb-btn-global-outline  kt-btn-has-text-true kt-btn-has-svg-true  wp-block-kadence-singlebtn\" href=\"https:\/\/i-c-m.de\/anlagestrategien\/#ETFS\" target=\"_blank\" rel=\"noreferrer noopener\"><span class=\"kb-svg-icon-wrap kb-svg-icon-ic_stop kt-btn-icon-side-left\"><svg viewBox=\"0 0 8 8\"  fill=\"currentColor\" xmlns=\"http:\/\/www.w3.org\/2000\/svg\"  aria-hidden=\"true\"><path d=\"M0 0v6h6v-6h-6z\" transform=\"translate(1 1)\"\/><\/svg><\/span><span class=\"kt-btn-inner-text\">ICM ETF Strategie<\/span><\/a>\n\n<style>ul.menu .wp-block-kadence-advancedbtn .kb-btn48_3803a0-2b.kb-button{width:initial;}.wp-block-kadence-advancedbtn .kb-btn48_3803a0-2b.kb-button{color:#2f3749;font-size:var(--global-kb-font-size-sm, 0.9rem);font-weight:400;border-top:0px solid;border-right:0px solid;border-bottom:0px solid;border-left:0px solid;}.kb-btn48_3803a0-2b.kb-button .kb-svg-icon-wrap{color:#999999;}.wp-block-kadence-advancedbtn .kb-btn48_3803a0-2b.kb-button:hover, .wp-block-kadence-advancedbtn .kb-btn48_3803a0-2b.kb-button:focus{color:#FF5000;}@media all and (max-width: 1024px){.wp-block-kadence-advancedbtn .kb-btn48_3803a0-2b.kb-button{border-top:0px solid;border-right:0px solid;border-bottom:0px solid;border-left:0px solid;}}@media all and (max-width: 767px){.wp-block-kadence-advancedbtn .kb-btn48_3803a0-2b.kb-button{border-top:0px solid;border-right:0px solid;border-bottom:0px solid;border-left:0px solid;}}<\/style><a class=\"kb-button kt-button button kb-btn48_3803a0-2b kt-btn-size-small kt-btn-width-type-auto kb-btn-global-outline  kt-btn-has-text-true kt-btn-has-svg-true  wp-block-kadence-singlebtn\" href=\"https:\/\/i-c-m.de\/anlagestrategien\/#Anleihen%20\" target=\"_blank\" rel=\"noreferrer noopener\"><span class=\"kb-svg-icon-wrap kb-svg-icon-ic_stop kt-btn-icon-side-left\"><svg viewBox=\"0 0 8 8\"  fill=\"currentColor\" xmlns=\"http:\/\/www.w3.org\/2000\/svg\"  aria-hidden=\"true\"><path d=\"M0 0v6h6v-6h-6z\" transform=\"translate(1 1)\"\/><\/svg><\/span><span class=\"kt-btn-inner-text\">ICM Anleihe Selektion<\/span><\/a><\/div>\n\n\n<style>.kb-image48_11dfef-1e .kb-image-has-overlay:after{opacity:0.3;}<\/style>\n<div class=\"wp-block-kadence-image kb-image48_11dfef-1e\"><figure class=\"aligncenter\"><img loading=\"lazy\" decoding=\"async\" width=\"1200\" height=\"590\" src=\"https:\/\/i-c-m.de\/suite\/wp-content\/uploads\/2024\/04\/image-2-e1737710646512.png\" alt=\"\" class=\"kb-img wp-image-1767\" srcset=\"https:\/\/i-c-m.de\/suite\/wp-content\/uploads\/2024\/04\/image-2-e1737710646512.png 1200w, https:\/\/i-c-m.de\/suite\/wp-content\/uploads\/2024\/04\/image-2-e1737710646512-300x148.png 300w, https:\/\/i-c-m.de\/suite\/wp-content\/uploads\/2024\/04\/image-2-e1737710646512-1024x503.png 1024w, https:\/\/i-c-m.de\/suite\/wp-content\/uploads\/2024\/04\/image-2-e1737710646512-768x378.png 768w\" sizes=\"auto, (max-width: 1200px) 100vw, 1200px\" \/><\/figure><\/div>\n<\/div><\/div>\n\n\n<style>.kadence-column48_378e42-33 > .kt-inside-inner-col,.kadence-column48_378e42-33 > .kt-inside-inner-col:before{border-top-left-radius:0px;border-top-right-radius:0px;border-bottom-right-radius:0px;border-bottom-left-radius:0px;}.kadence-column48_378e42-33 > .kt-inside-inner-col{column-gap:var(--global-kb-gap-sm, 1rem);}.kadence-column48_378e42-33 > .kt-inside-inner-col{flex-direction:column;}.kadence-column48_378e42-33 > .kt-inside-inner-col > .aligncenter{width:100%;}.kadence-column48_378e42-33 > .kt-inside-inner-col:before{opacity:0.3;}.kadence-column48_378e42-33{position:relative;}@media all and (max-width: 1024px){.kadence-column48_378e42-33 > .kt-inside-inner-col{flex-direction:column;justify-content:center;}}@media all and (max-width: 767px){.kadence-column48_378e42-33 > .kt-inside-inner-col{flex-direction:column;justify-content:center;}}<\/style>\n<div class=\"wp-block-kadence-column kadence-column48_378e42-33\"><div class=\"kt-inside-inner-col\"><style>.wp-block-kadence-advancedheading.kt-adv-heading48_09bfd9-f6, .wp-block-kadence-advancedheading.kt-adv-heading48_09bfd9-f6[data-kb-block=\"kb-adv-heading48_09bfd9-f6\"]{padding-bottom:0px;margin-bottom:var(--global-kb-spacing-xxs, 0.5rem);text-align:center;font-size:var(--global-kb-font-size-sm, 0.9rem);line-height:1.3;font-weight:bold;font-style:normal;}.wp-block-kadence-advancedheading.kt-adv-heading48_09bfd9-f6 mark.kt-highlight, .wp-block-kadence-advancedheading.kt-adv-heading48_09bfd9-f6[data-kb-block=\"kb-adv-heading48_09bfd9-f6\"] mark.kt-highlight{font-style:normal;color:#f76a0c;-webkit-box-decoration-break:clone;box-decoration-break:clone;padding-top:0px;padding-right:0px;padding-bottom:0px;padding-left:0px;}.wp-block-kadence-advancedheading.kt-adv-heading48_09bfd9-f6 img.kb-inline-image, .wp-block-kadence-advancedheading.kt-adv-heading48_09bfd9-f6[data-kb-block=\"kb-adv-heading48_09bfd9-f6\"] img.kb-inline-image{width:150px;vertical-align:baseline;}<\/style>\n<p class=\"kt-adv-heading48_09bfd9-f6 wp-block-kadence-advancedheading has-dark-blue-color has-text-color\" data-kb-block=\"kb-adv-heading48_09bfd9-f6\">ICMsuite Global Plus<br>Zusammensetzung der Allokation nach Risikoneigung<\/p>\n\n\n<style>.wp-block-kadence-advancedbtn.kt-btns48_2e37e6-3d, .site .entry-content .wp-block-kadence-advancedbtn.kt-btns48_2e37e6-3d, .wp-block-kadence-advancedbtn.kb-btns48_2e37e6-3d, .site .entry-content .wp-block-kadence-advancedbtn.kb-btns48_2e37e6-3d{margin-top:0px;}.wp-block-kadence-advancedbtn.kb-btns48_2e37e6-3d{padding-top:0px;gap:3px;justify-content:center;align-items:center;}.kt-btns48_2e37e6-3d .kt-button{font-weight:normal;font-style:normal;}.kt-btns48_2e37e6-3d .kt-btn-wrap-0{margin-right:5px;}.wp-block-kadence-advancedbtn.kt-btns48_2e37e6-3d .kt-btn-wrap-0 .kt-button{color:#555555;border-color:#555555;}.wp-block-kadence-advancedbtn.kt-btns48_2e37e6-3d .kt-btn-wrap-0 .kt-button:hover, .wp-block-kadence-advancedbtn.kt-btns48_2e37e6-3d .kt-btn-wrap-0 .kt-button:focus{color:#ffffff;border-color:#444444;}.wp-block-kadence-advancedbtn.kt-btns48_2e37e6-3d .kt-btn-wrap-0 .kt-button::before{display:none;}.wp-block-kadence-advancedbtn.kt-btns48_2e37e6-3d .kt-btn-wrap-0 .kt-button:hover, .wp-block-kadence-advancedbtn.kt-btns48_2e37e6-3d .kt-btn-wrap-0 .kt-button:focus{background:#444444;}<\/style>\n<div class=\"wp-block-kadence-advancedbtn kb-buttons-wrap kb-btns48_2e37e6-3d\"><style>ul.menu .wp-block-kadence-advancedbtn .kb-btn48_8d2cfb-f9.kb-button{width:initial;}.wp-block-kadence-advancedbtn .kb-btn48_8d2cfb-f9.kb-button{color:#2f3749;font-size:var(--global-kb-font-size-sm, 0.9rem);border-top:0px solid;border-right:0px solid;border-bottom:0px solid;border-left:0px solid;padding-right:0px;padding-left:0px;}.kb-btn48_8d2cfb-f9.kb-button .kb-svg-icon-wrap{color:#38761c;}.wp-block-kadence-advancedbtn .kb-btn48_8d2cfb-f9.kb-button:hover, .wp-block-kadence-advancedbtn .kb-btn48_8d2cfb-f9.kb-button:focus{color:#FF5000;}@media all and (max-width: 1024px){.wp-block-kadence-advancedbtn .kb-btn48_8d2cfb-f9.kb-button{border-top:0px solid;border-right:0px solid;border-bottom:0px solid;border-left:0px solid;}}@media all and (max-width: 767px){.wp-block-kadence-advancedbtn .kb-btn48_8d2cfb-f9.kb-button{border-top:0px solid;border-right:0px solid;border-bottom:0px solid;border-left:0px solid;}}<\/style><a class=\"kb-button kt-button button kb-btn48_8d2cfb-f9 kt-btn-size-small kt-btn-width-type-auto kb-btn-global-outline  kt-btn-has-text-true kt-btn-has-svg-true  wp-block-kadence-singlebtn\" href=\"https:\/\/i-c-m.de\/green\/\" target=\"_blank\" rel=\"noreferrer noopener\"><span class=\"kb-svg-icon-wrap kb-svg-icon-ic_stop kt-btn-icon-side-left\"><svg viewBox=\"0 0 8 8\"  fill=\"currentColor\" xmlns=\"http:\/\/www.w3.org\/2000\/svg\"  aria-hidden=\"true\"><path d=\"M0 0v6h6v-6h-6z\" transform=\"translate(1 1)\"\/><\/svg><\/span><span class=\"kt-btn-inner-text\">ICM Green Strategy<\/span><\/a>\n\n<style>ul.menu .wp-block-kadence-advancedbtn .kb-btn48_32e38c-94.kb-button{width:initial;}.wp-block-kadence-advancedbtn .kb-btn48_32e38c-94.kb-button{color:#2f3749;font-size:var(--global-kb-font-size-sm, 0.9rem);font-weight:400;border-top:0px solid;border-right:0px solid;border-bottom:0px solid;border-left:0px solid;padding-right:0px;padding-left:0px;}.kb-btn48_32e38c-94.kb-button .kb-svg-icon-wrap{color:#002A57;}.wp-block-kadence-advancedbtn .kb-btn48_32e38c-94.kb-button:hover, .wp-block-kadence-advancedbtn .kb-btn48_32e38c-94.kb-button:focus{color:#FF5000;}@media all and (max-width: 1024px){.wp-block-kadence-advancedbtn .kb-btn48_32e38c-94.kb-button{border-top:0px solid;border-right:0px solid;border-bottom:0px solid;border-left:0px solid;}}@media all and (max-width: 767px){.wp-block-kadence-advancedbtn .kb-btn48_32e38c-94.kb-button{border-top:0px solid;border-right:0px solid;border-bottom:0px solid;border-left:0px solid;}}<\/style><a class=\"kb-button kt-button button kb-btn48_32e38c-94 kt-btn-size-small kt-btn-width-type-auto kb-btn-global-outline  kt-btn-has-text-true kt-btn-has-svg-true  wp-block-kadence-singlebtn\" href=\"https:\/\/i-c-m.de\/anlagestrategien\/#ETFS\" target=\"_blank\" rel=\"noreferrer noopener\"><span class=\"kb-svg-icon-wrap kb-svg-icon-ic_stop kt-btn-icon-side-left\"><svg viewBox=\"0 0 8 8\"  fill=\"currentColor\" xmlns=\"http:\/\/www.w3.org\/2000\/svg\"  aria-hidden=\"true\"><path d=\"M0 0v6h6v-6h-6z\" transform=\"translate(1 1)\"\/><\/svg><\/span><span class=\"kt-btn-inner-text\">ICM ETF Strategie<\/span><\/a>\n\n<style>ul.menu .wp-block-kadence-advancedbtn .kb-btn48_a400bc-7f.kb-button{width:initial;}.wp-block-kadence-advancedbtn .kb-btn48_a400bc-7f.kb-button{color:#2f3749;font-size:var(--global-kb-font-size-sm, 0.9rem);font-weight:400;border-top:0px solid;border-right:0px solid;border-bottom:0px solid;border-left:0px solid;padding-right:0px;padding-left:0px;}.kb-btn48_a400bc-7f.kb-button .kb-svg-icon-wrap{color:#999999;}.wp-block-kadence-advancedbtn .kb-btn48_a400bc-7f.kb-button:hover, .wp-block-kadence-advancedbtn .kb-btn48_a400bc-7f.kb-button:focus{color:#FF5000;}@media all and (max-width: 1024px){.wp-block-kadence-advancedbtn .kb-btn48_a400bc-7f.kb-button{border-top:0px solid;border-right:0px solid;border-bottom:0px solid;border-left:0px solid;}}@media all and (max-width: 767px){.wp-block-kadence-advancedbtn .kb-btn48_a400bc-7f.kb-button{border-top:0px solid;border-right:0px solid;border-bottom:0px solid;border-left:0px solid;}}<\/style><a class=\"kb-button kt-button button kb-btn48_a400bc-7f kt-btn-size-small kt-btn-width-type-auto kb-btn-global-outline  kt-btn-has-text-true kt-btn-has-svg-true  wp-block-kadence-singlebtn\" href=\"https:\/\/i-c-m.de\/anlagestrategien\/#Anleihen\" target=\"_blank\" rel=\"noreferrer noopener\"><span class=\"kb-svg-icon-wrap kb-svg-icon-ic_stop kt-btn-icon-side-left\"><svg viewBox=\"0 0 8 8\"  fill=\"currentColor\" xmlns=\"http:\/\/www.w3.org\/2000\/svg\"  aria-hidden=\"true\"><path d=\"M0 0v6h6v-6h-6z\" transform=\"translate(1 1)\"\/><\/svg><\/span><span class=\"kt-btn-inner-text\">ICM Anleihe Selektion<\/span><\/a><\/div>\n\n\n<style>.kb-image48_c9e381-7b .kb-image-has-overlay:after{opacity:0.3;}<\/style>\n<div class=\"wp-block-kadence-image kb-image48_c9e381-7b\"><figure class=\"aligncenter\"><img loading=\"lazy\" decoding=\"async\" width=\"1200\" height=\"590\" src=\"https:\/\/i-c-m.de\/suite\/wp-content\/uploads\/2024\/04\/image-3-e1737710672241.png\" alt=\"\" class=\"kb-img wp-image-1768\" srcset=\"https:\/\/i-c-m.de\/suite\/wp-content\/uploads\/2024\/04\/image-3-e1737710672241.png 1200w, https:\/\/i-c-m.de\/suite\/wp-content\/uploads\/2024\/04\/image-3-e1737710672241-300x148.png 300w, https:\/\/i-c-m.de\/suite\/wp-content\/uploads\/2024\/04\/image-3-e1737710672241-1024x503.png 1024w, https:\/\/i-c-m.de\/suite\/wp-content\/uploads\/2024\/04\/image-3-e1737710672241-768x378.png 768w\" sizes=\"auto, (max-width: 1200px) 100vw, 1200px\" \/><\/figure><\/div>\n<\/div><\/div>\n\n<\/div><\/div>\n\n\n<p><\/p>\n","protected":false},"excerpt":{"rendered":"<p>ICMsuite GlobalZusammensetzung der Allokation nach Risikoneigung ICMsuite Global PlusZusammensetzung der Allokation nach Risikoneigung<\/p>\n","protected":false},"author":4,"featured_media":0,"parent":0,"menu_order":0,"comment_status":"closed","ping_status":"closed","template":"","meta":{"_acf_changed":false,"_kad_blocks_custom_css":"","_kad_blocks_head_custom_js":"","_kad_blocks_body_custom_js":"","_kad_blocks_footer_custom_js":"","footnotes":""},"class_list":["post-48","page","type-page","status-publish","hentry"],"acf":[],"taxonomy_info":[],"featured_image_src_large":false,"author_info":{"display_name":"admin","author_link":"https:\/\/i-c-m.de\/suite\/author\/admin"},"comment_info":0,"_links":{"self":[{"href":"https:\/\/i-c-m.de\/suite\/wp-json\/wp\/v2\/pages\/48","targetHints":{"allow":["GET"]}}],"collection":[{"href":"https:\/\/i-c-m.de\/suite\/wp-json\/wp\/v2\/pages"}],"about":[{"href":"https:\/\/i-c-m.de\/suite\/wp-json\/wp\/v2\/types\/page"}],"author":[{"embeddable":true,"href":"https:\/\/i-c-m.de\/suite\/wp-json\/wp\/v2\/users\/4"}],"replies":[{"embeddable":true,"href":"https:\/\/i-c-m.de\/suite\/wp-json\/wp\/v2\/comments?post=48"}],"version-history":[{"count":17,"href":"https:\/\/i-c-m.de\/suite\/wp-json\/wp\/v2\/pages\/48\/revisions"}],"predecessor-version":[{"id":1845,"href":"https:\/\/i-c-m.de\/suite\/wp-json\/wp\/v2\/pages\/48\/revisions\/1845"}],"wp:attachment":[{"href":"https:\/\/i-c-m.de\/suite\/wp-json\/wp\/v2\/media?parent=48"}],"curies":[{"name":"wp","href":"https:\/\/api.w.org\/{rel}","templated":true}]}}