{"id":26,"date":"2023-04-06T11:02:56","date_gmt":"2023-04-06T09:02:56","guid":{"rendered":"https:\/\/icm.investify.com\/?page_id=26"},"modified":"2023-04-06T11:02:56","modified_gmt":"2023-04-06T09:02:56","slug":"anlagethemen","status":"publish","type":"page","link":"https:\/\/i-c-m.de\/suite\/anlagethemen","title":{"rendered":"Anlagethemen"},"content":{"rendered":"\n\n\t<div class=\"contentBlock moduleHeader pt-0 pb-0 small\" >\n\n\n        <div class=\"bgImage\" style=\"background-image:url(https:\/\/i-c-m.de\/suite\/wp-content\/uploads\/2023\/04\/icm-klassisch-02.jpg)\"><\/div>\n\t\t<div class=\"container h-100\">\n\t\t\t<div class=\"row align-items-center h-100\">\n\t\t\t\t<div class=\"col-12 col-md-9\">\n\t\t\t\t\t<h1>Volle Individualit\u00e4t durch unsere Anlagethemen<\/h1>\n\t\t\t\t\t\n\t\t\t\t\t                    <p class=\"subline\">Sie entscheiden, in welche Themen Sie investieren<\/p>\n                    \n\t\t\t\t\t\t\t\t\t<\/div>\n\t\t\t<\/div>\n\t\t<\/div>\n\t\t\t<\/div>\n\n\n\n\n\n\n\n    <div class=\"contentBlock moduleAnlagethemenList\">\n        <div class=\"container\">\n            <div class=\"row\">\n                <div class=\"col-12\">\n                    <h2 class=\"mb-5\">Unsere Themeninvestments f\u00fcr Sie:<\/h2>\n\n                    <ul class=\"list-nav list-unstyled mb-3 d-none d-md-block\">\n                        <li class=\"list-inline-item active\"><a href=\"#\" data-filter=\"*\">Alle Themen<\/a><\/li>\n\n                                                                            \n                            <li class=\"list-inline-item\">\n                                <a href=\"#\" data-filter=\".kat_574\">Regionen<\/a>\n                            <\/li>\n                                                    \n                            <li class=\"list-inline-item\">\n                                <a href=\"#\" data-filter=\".kat_401\">Finanzen<\/a>\n                            <\/li>\n                                                    \n                            <li class=\"list-inline-item\">\n                                <a href=\"#\" data-filter=\".kat_399\">Technik<\/a>\n                            <\/li>\n                                                    \n                            <li class=\"list-inline-item\">\n                                <a href=\"#\" data-filter=\".kat_397\">Menschen und Natur<\/a>\n                            <\/li>\n                                            <\/ul>\n\n                    <div class=\"d-block d-md-none\">\n\n                        <div class=\"row\">\n                            <div class=\"col-12 col-sm-6\">\n                                <select class=\"mb-3\">\n                                    <option value=\"*\">Alle Themen<\/option>\n\n\n                                                                                                                                                        <option value=\".kat_574\">Regionen<\/option>\n\n\n                                                                                                                        <option value=\".kat_401\">Finanzen<\/option>\n\n\n                                                                                                                        <option value=\".kat_399\">Technik<\/option>\n\n\n                                                                                                                        <option value=\".kat_397\">Menschen und Natur<\/option>\n\n\n                                        \n\n\n\n                                <\/select>\n                            <\/div>\n                        <\/div>\n\n                    <\/div>\n                    <div class=\"hinweis mb-5 pt-1\">\n                        <p>\n                            Hinweis: F\u00fcr Anlagethemen, die wir seit einem Jahr in der digitalen Verm\u00f6gensverwaltung anbieten, zeigen wir Ihnen monatlich aktualisiert die Performance des Themas an. Eine Performance\u00fcbersicht aller Themen finden Sie hier. Bitte beachten Sie, dass die vergangene Wertentwicklung keine verl\u00e4ssliche Aussagekraft \u00fcber die zuk\u00fcnftige Wertentwicklung eines Anlage-Themas bieten.\n                        <\/p>\n                    <\/div>\n\n                <\/div>\n            <\/div>\n\n            <div class=\"row grid\">\n\n\n                <div class=\"grid-sizer col-12 col-sm-6 col-md-6\"><\/div>\n\n                \n                \n                    \n                    <div class=\"col-12 col-sm-6 col-md-6 mt-4  topicItemWrap kat_401\">\n                        <a href=\"\/suite\/anlagethema\/leonardo-ui\" class=\"topicItem d-block\">\n                            <div class=\"imageBg\" style=\"background-image:url(https:\/\/i-c-m.de\/suite\/wp-content\/uploads\/2023\/04\/Thema_Leonardo_UI.jpg)\";><\/div>\n                            <div class=\"pl-3 pr-3\" style=\"position: relative\">\n                                <p class=\"topicCat\">Kategorie: Finanzen<\/p>\n                                <p class=\"topicTitle\">Leonardo UI<\/p>\n\n                                <p class=\"topicPerformance\">\n\n                                    Performance der letzten 12 Monate:<br\/>\n\t                                \n\n\n\n\n                                        <strong class=\"positive\">\n\t\t\t                                +16,70 %\n                                        <\/strong>\n\n\t                                \n                                <\/p>\n\n\n\n                                <div class=\"wertung\">\n                                                                                                                                                    \u20ac \u20ac \u20ac\n                                                                    <\/div>\n\n                            <\/div>\n                            <p class=\"more\">Mehr erfahren<\/p>\n                        <\/a>\n                    <\/div>\n                \n                    \n                    <div class=\"col-12 col-sm-6 col-md-6 mt-4  topicItemWrap kat_401\">\n                        <a href=\"\/suite\/anlagethema\/alexander-von-humboldt\" class=\"topicItem d-block\">\n                            <div class=\"imageBg\" style=\"background-image:url(https:\/\/i-c-m.de\/suite\/wp-content\/uploads\/2022\/02\/Post_1920x983-8-1.jpeg)\";><\/div>\n                            <div class=\"pl-3 pr-3\" style=\"position: relative\">\n                                <p class=\"topicCat\">Kategorie: Finanzen<\/p>\n                                <p class=\"topicTitle\">Alexander von Humboldt<\/p>\n\n                                <p class=\"topicPerformance\">\n\n                                    Performance der letzten 12 Monate:<br\/>\n\t                                \n\n\n\n\n                                        <strong class=\"negative\">\n\t\t\t                                &#8211;1,47 %\n                                        <\/strong>\n\n\t                                \n                                <\/p>\n\n\n\n                                <div class=\"wertung\">\n                                                                            \u20ac\n                                                                                                                                            <\/div>\n\n                            <\/div>\n                            <p class=\"more\">Mehr erfahren<\/p>\n                        <\/a>\n                    <\/div>\n                \n                    \n                    <div class=\"col-12 col-sm-6 col-md-6 mt-4  topicItemWrap kat_401\">\n                        <a href=\"\/suite\/anlagethema\/bachelier\" class=\"topicItem d-block\">\n                            <div class=\"imageBg\" style=\"background-image:url(https:\/\/i-c-m.de\/suite\/wp-content\/uploads\/2023\/04\/1920x1080_Einstein-1.jpg)\";><\/div>\n                            <div class=\"pl-3 pr-3\" style=\"position: relative\">\n                                <p class=\"topicCat\">Kategorie: Finanzen<\/p>\n                                <p class=\"topicTitle\">Bachelier<\/p>\n\n                                <p class=\"topicPerformance\">\n\n                                    Performance der letzten 12 Monate:<br\/>\n\t                                \n\n\n\n\n                                        <strong class=\"positive\">\n\t\t\t                                +4,70 %\n                                        <\/strong>\n\n\t                                \n                                <\/p>\n\n\n\n                                <div class=\"wertung\">\n                                                                            \u20ac\n                                                                                                                                            <\/div>\n\n                            <\/div>\n                            <p class=\"more\">Mehr erfahren<\/p>\n                        <\/a>\n                    <\/div>\n                \n                    \n                    <div class=\"col-12 col-sm-6 col-md-6 mt-4  topicItemWrap kat_\">\n                        <a href=\"\/suite\/anlagethema\/cybersecurity-leaders-ui\" class=\"topicItem d-block\">\n                            <div class=\"imageBg\" style=\"background-image:url(https:\/\/i-c-m.de\/suite\/wp-content\/uploads\/2024\/01\/CyberSecurity_iStock.jpg)\";><\/div>\n                            <div class=\"pl-3 pr-3\" style=\"position: relative\">\n                                <p class=\"topicCat\">Kategorie: <\/p>\n                                <p class=\"topicTitle\">Cybersecurity Leaders UI<\/p>\n\n                                <p class=\"topicPerformance\">\n\n                                    Performance der letzten 12 Monate:<br\/>\n\t                                                                        <strong>k.A.<\/strong>\n\t                                \n                                <\/p>\n\n\n\n                                <div class=\"wertung\">\n                                                                            \u20ac\n                                                                                                                                            <\/div>\n\n                            <\/div>\n                            <p class=\"more\">Mehr erfahren<\/p>\n                        <\/a>\n                    <\/div>\n                \n                    \n                    <div class=\"col-12 col-sm-6 col-md-6 mt-4  topicItemWrap kat_\">\n                        <a href=\"\/suite\/anlagethema\/abaki-ui-a\" class=\"topicItem d-block\">\n                            <div class=\"imageBg\" style=\"background-image:url(https:\/\/i-c-m.de\/suite\/wp-content\/uploads\/2024\/01\/Abaki_15.08.2024.jpg)\";><\/div>\n                            <div class=\"pl-3 pr-3\" style=\"position: relative\">\n                                <p class=\"topicCat\">Kategorie: <\/p>\n                                <p class=\"topicTitle\">Abaki UI A<\/p>\n\n                                <p class=\"topicPerformance\">\n\n                                    Performance der letzten 12 Monate:<br\/>\n\t                                                                        <strong>k.A.<\/strong>\n\t                                \n                                <\/p>\n\n\n\n                                <div class=\"wertung\">\n                                                                            \u20ac\n                                                                                                                                            <\/div>\n\n                            <\/div>\n                            <p class=\"more\">Mehr erfahren<\/p>\n                        <\/a>\n                    <\/div>\n                \n                    \n                    <div class=\"col-12 col-sm-6 col-md-6 mt-4  topicItemWrap kat_\">\n                        <a href=\"\/suite\/anlagethema\/nrw-zins-strategie\" class=\"topicItem d-block\">\n                            <div class=\"imageBg\" style=\"background-image:url(https:\/\/i-c-m.de\/suite\/wp-content\/uploads\/2024\/01\/ICM_NRW.Zins_.Strategie.jpg)\";><\/div>\n                            <div class=\"pl-3 pr-3\" style=\"position: relative\">\n                                <p class=\"topicCat\">Kategorie: <\/p>\n                                <p class=\"topicTitle\">NRW Zins Strategie<\/p>\n\n                                <p class=\"topicPerformance\">\n\n                                    Performance der letzten 12 Monate:<br\/>\n\t                                                                        <strong>k.A.<\/strong>\n\t                                \n                                <\/p>\n\n\n\n                                <div class=\"wertung\">\n                                                                            \u20ac\n                                                                                                                                            <\/div>\n\n                            <\/div>\n                            <p class=\"more\">Mehr erfahren<\/p>\n                        <\/a>\n                    <\/div>\n                            <\/div>\n\n            <div class=\"row\">\n                <div class=\"col-12 image_desc mt-4\">\n                    <p>Fr\u00fchere Wertentwicklungen, Simulationen oder Prognosen sind kein verl\u00e4sslicher Indikator f\u00fcr die k\u00fcnftige Wertentwicklung. Kapitalanlagen bergen <a href=\"\/risikohinweise\" rel=\"noopener\" target=\"_blank\">Risiken<\/a>.<\/p>\n                <\/div>\n\n            <\/div>\n        <\/div>\n    <\/div>\n            <div class=\"container\">\n            <div class=\"row\">\n                <div class=\"col-12\">\n                    <hr\/>\n                <\/div>\n            <\/div>\n        <\/div>\n    ","protected":false},"excerpt":{"rendered":"","protected":false},"author":4,"featured_media":0,"parent":0,"menu_order":0,"comment_status":"closed","ping_status":"closed","template":"","meta":{"_acf_changed":false,"_kad_blocks_custom_css":"","_kad_blocks_head_custom_js":"","_kad_blocks_body_custom_js":"","_kad_blocks_footer_custom_js":"","footnotes":""},"class_list":["post-26","page","type-page","status-publish","hentry"],"acf":[],"taxonomy_info":[],"featured_image_src_large":false,"author_info":{"display_name":"admin","author_link":"https:\/\/i-c-m.de\/suite\/author\/admin"},"comment_info":0,"_links":{"self":[{"href":"https:\/\/i-c-m.de\/suite\/wp-json\/wp\/v2\/pages\/26","targetHints":{"allow":["GET"]}}],"collection":[{"href":"https:\/\/i-c-m.de\/suite\/wp-json\/wp\/v2\/pages"}],"about":[{"href":"https:\/\/i-c-m.de\/suite\/wp-json\/wp\/v2\/types\/page"}],"author":[{"embeddable":true,"href":"https:\/\/i-c-m.de\/suite\/wp-json\/wp\/v2\/users\/4"}],"replies":[{"embeddable":true,"href":"https:\/\/i-c-m.de\/suite\/wp-json\/wp\/v2\/comments?post=26"}],"version-history":[{"count":2,"href":"https:\/\/i-c-m.de\/suite\/wp-json\/wp\/v2\/pages\/26\/revisions"}],"predecessor-version":[{"id":29,"href":"https:\/\/i-c-m.de\/suite\/wp-json\/wp\/v2\/pages\/26\/revisions\/29"}],"wp:attachment":[{"href":"https:\/\/i-c-m.de\/suite\/wp-json\/wp\/v2\/media?parent=26"}],"curies":[{"name":"wp","href":"https:\/\/api.w.org\/{rel}","templated":true}]}}